git of 20066149?
4
What is the hundred millions digit of 145468088?
1
What is the hundreds digit of 159894397?
3
What is the units digit of 3173141553?
3
What is the tens digit of 1165558576?
7
What is the thousands digit of 2838419941?
9
What is the ten thousands digit of 64896162?
9
What is the units digit of 210125476?
6
What is the hundreds digit of 7363985?
9
What is the hundreds digit of 87755996?
9
What is the ten thousands digit of 2349706737?
0
What is the millions digit of 515097010?
5
What is the millions digit of 372102206?
2
What is the tens digit of 26730921?
2
What is the ten thousands digit of 990564450?
6
What is the ten thousands digit of 113398248?
9
What is the hundred thousands digit of 111061258?
0
What is the units digit of 322861423?
3
What is the units digit of 1293267926?
6
What is the hundred millions digit of 176448051?
1
What is the hundreds digit of 7066972752?
7
What is the thousands digit of 497264066?
4
What is the hundred thousands digit of 1840389625?
3
What is the hundred thousands digit of 252924669?
9
What is the hundred thousands digit of 906867232?
8
What is the hundreds digit of 767785578?
5
What is the ten thousands digit of 485203511?
0
What is the hundreds digit of 59333147?
1
What is the hundreds digit of 553301879?
8
What is the tens digit of 1363162?
6
What is the tens digit of 61439602?
0
What is the millions digit of 2059924139?
9
What is the millions digit of 492348910?
2
What is the ten millions digit of 265066217?
6
What is the millions digit of 630341894?
0
What is the ten thousands digit of 2811689989?
8
What is the tens digit of 215353098?
9
What is the millions digit of 1379337654?
9
What is the units digit of 118651186?
6
What is the ten millions digit of 1009887336?
0
What is the ten millions digit of 179577420?
7
What is the hundreds digit of 257860153?
1
What is the hundreds digit of 732393079?
0
What is the hundreds digit of 31625192?
1
What is the millions digit of 31181736?
1
What is the millions digit of 576384654?
6
What is the ten thousands digit of 777613619?
1
What is the hundred thousands digit of 288866038?
8
What is the ten millions digit of 1585170978?
8
What is the thousands digit of 6811966595?
6
What is the thousands digit of 556346544?
6
What is the tens digit of 232908525?
2
What is the tens digit of 853597299?
9
What is the millions digit of 308748982?
8
What is the thousands digit of 26332570?
2
What is the ten thousands digit of 80363758?
6
What is the units digit of 3012636282?
2
What is the thousands digit of 538500304?
0
What is the ten thousands digit of 112075749?
7
What is the hundred millions digit of 1240914862?
2
What is the millions digit of 446212830?
6
What is the millions digit of 110049463?
0
What is the units digit of 5245786?
6
What is the thousands digit of 57364179?
4
What is the ten millions digit of 107822601?
0
What is the units digit of 138142978?
8
What is the millions digit of 184515894?
4
What is the ten millions digit of 2828774420?
2
What is the hundred thousands digit of 172397520?
3
What is the hundreds digit of 1217969866?
8
What is the thousands digit of 126372742?
2
What is the ten millions digit of 366530914?
6
What is the hundreds digit of 14893106?
1
What is the ten thousands digit of 52853162?
5
What is the ten thousands digit of 3500065216?
6
What is the tens digit of 22675957?
5
What is the hundred thousands digit of 132648644?
6
What is the tens digit of 77423186?
8
What is the units digit of 109171502?
2
What is the ten millions digit of 21725203?
2
What is the tens digit of 118059924?
2
What is the hundreds digit of 419958382?
3
What is the millions digit of 116694744?
6
What is the hundreds digit of 43199497?
4
What is the units digit of 588091667?
7
What is the tens digit of 429137473?
7
What is the millions digit of 208252979?
8
What is the hundred millions digit of 768548386?
7
What is the units digit of 230302963?
3
What is the hundreds digit of 946144418?
4
What is the millions digit of 4074690454?
4
What is the thousands digit of 69368448?
8
What is the hundred thousands digit of 168326699?
3
What is the ten thousands digit of 264237357?
3
What is the thousands digit of 6267069?
7
What is the hundreds digit of 730298330?
3
What is the millions digit of 1690899778?
0
What is the tens digit of 199203735?
3
What is the units digit of 143332568?
8
What is the hundred millions digit of 102351455?
1
What is the hundred thousands digit of 76847217?
8
What is the hundred millions digit of 647396406?
6
What is the hundred millions digit of 853137294?
8
What is the tens digit of 7363583438?
3
What is the ten thousands digit of 300800142?
0
What is the ten thousands digit of 1334194059?
9
What is the ten millions digit of 15267341?
1
What is the hundred thousands digit of 9130319?
1
What is the thousands digit of 894825496?
5
What is the millions digit of 64187541?
4
What is the thousands digit of 21116332?
6
What is the hundred thousands digit of 27955293?
9
What is the hundreds digit of 3229020?
0
What is the units digit of 71142904?
4
What is the hundred thousands digit of 5701430195?
4
What is the hundred thousands digit of 689155604?
1
What is the millions digit of 49523827?
9
What is the hundreds digit of 953532?
5
What is the hundred millions digit of 1950769222?
9
What is the thousands digit of 77351232?
1
What is the thousands digit of 135352654?
2
What is the hundred thousands digit of 128378363?
3
What is the thousands digit of 251096129?
6
What is the tens digit of 106498480?
8
What is the ten thousands digit of 263396229?
9
What is the hundreds digit of 137996118?
1
What is the hundred thousands digit of 2875236?
8
What is the millions digit of 46444922?
6
What is the tens digit of 39943638?
3
What is the ten thousands digit of 546517810?
1
What is the tens digit of 5269768?
6
What is the millions digit of 337485001?
7
What is the tens digit of 744971538?
3
What is the millions digit of 68089560?
8
What is the ten millions digit of 298705734?
9
What is the hundred thousands digit of 869612971?
6
What is the hundred thousands digit of 111217158?
2
What is the thousands digit of 131537128?
7
What is the tens digit of 406236240?
4
What is the thousands digit of 253861033?
1
What is the thousands digit of 66553495?
3
What is the millions digit of 7524390?
7
What is the tens digit of 15367321?
2
What is the billions digit of 3086191045?
3
What is the units digit of 133300234?
4
What is the ten thousands digit of 66663534?
6
What is the hundreds digit of 7128258?
2
What is the hundreds digit of 921815124?
1
What is the hundred thousands digit of 30493216?
4
What is the hundred thousands digit of 128492394?
4
What is the hundreds digit of 69855067?
0
What is the millions digit of 519074166?
9
What is the ten millions digit of 159586225?
5
What is the thousands digit of 288302576?
2
What is the units digit of 464829786?
6
What is the units digit of 58096328?
8
What is the thousands digit of 3679603?
9
What is the millions digit of 332369806?
2
What is the hundreds digit of 189837541?
5
What is the hundred thousands digit of 61225363?
2
What is the hundred thousands digit of 50884905?
8
What is the ten thousands digit of 89442850?
4
What is the hundred thousands digit of 302970942?
9
What is the hundreds digit of 5176398?
3
What is the hundred millions digit of 174375886?
1
What is the hundreds digit of 73879869?
8
What is the ten millions digit of 11242709?
1
What is the ten thousands digit of 4342511583?
1
What is the hundreds digit of 10101354?
3
What is the tens digit of 7001666488?
8
What is the units digit of 4440972334?
4
What is the hundreds digit of 34771551?
5
What is the hundred millions digit of 2189593646?
1
What is the thousands digit of 2307149438?
9
What is the hundreds digit of 42449159?
1
What is the ten millions digit of 548418376?
4
What is the hundreds digit of 329290067?
0
What is the thousands digit of 194428328?
8
What is the ten thousands digit of 258048129?
4
What is the tens digit of 4572003825?
2
What is the ten thousands digit of 833799987?
9
What is the hundreds digit of 39539512?
5
What is the hundred thousands digit of 5771711263?
7
What is the hundred millions digit of 1230142656?
2
What